What is the units digit of x?
1
Let w be 47360/(-90) + (-4)/(-18). Let b = w + 1100. Suppose 3*r + 222 = 2*j, 0 = 2*j + 3*j + 2*r - b. What is the tens digit of j?
1
What is the hundreds digit of ((-14364)/(-1330))/((-6)/(-46935))?
4
Let s = -1320 - -14086. What is the units digit of s?
6
Let v(f) = -9 - 5*f**2 - f**3 + 13*f + 11*f - 5*f. Let k be 225/100 - (-90)/(-8). What is the units digit of v(k)?
4
Suppose -2*t = -4*j - 0*j + 20, 0 = -4*t + 2*j - 16. Let a(l) = 8*l**3 - l + 2. Let h be a(t). What is the units digit of (h/25)/((-3)/10)?
8
Suppose 0 = -204*f + 228*f - 957336. What is the ten thousands digit of f?
3
What is the thousands digit of 5 + (10 + 5 - -16738)?
6
Suppose 9*x - 5112 = 513. Let f = -413 + x. What is the units digit of f?
2
Suppose -i - 25365 = -2*s, -2*s = i + 15582 - 40949. What is the tens digit of s?
8
Let x(m) = 103*m**2 - 91*m + 157. What is the units digit of x(11)?
9
Let u(q) = -6*q**3 - 18*q**2 - 11*q + 5. What is the tens digit of u(-15)?
7
Let q(b) = -5*b**3 - 2*b**2 + 6*b - 2. Let d(x) = x**3 + 6*x**2 - x - 10. Let f be d(-6). What is the hundreds digit of q(f)?
2
Suppose 1 = -s - 10. Suppose 5*l - 5121 = -2*b, -4*l + 4*b = -6255 + 2147. What is the units digit of 2/(-11) - l/s?
3
Let r be (21432/15 + 28/7)*10. What is the tens digit of r/45 - -12 - 6/(-10)?
3
Suppose 40*x - 561788 - 59612 = 0. What is the thousands digit of x?
5
Suppose -5*o + 7129 = 504. Let s = o - 725. What is the units digit of s?
0
Let u = 8536 + -6611. What is the hundreds digit of u?
9
Let c(h) = -59*h - 5. Let a(l) = -147*l - 12. Let z(t) = -5*a(t) + 12*c(t). What is the units digit of z(5)?
5
Let w(p) = 362*p**2 - 577*p - 4029. What is the units digit of w(-7)?
8
Let c = -1154 - -2204. Let f = c + -746. What is the units digit of f?
4
Suppose 10*j - 15*j + 74215 = -5*s, -3*j = 3*s - 44529. What is the tens digit of j?
4
Let f(z) = 57*z**3 + z**2 + 4*z + 3. Let n be f(-1). Let b = n + 65. What is the units digit of (-1053)/(-12) + (-6)/b + 1?
8
Let s = 129 - 83. Suppose s*z = 38*z + 7672. What is the units digit of z?
9
Let c = -2448 + 5329. Suppose 14*z + 67 = c. What is the tens digit of z?
0
Let f = 39692 - 18761. What is the ten thousands digit of f?
2
Let v(k) = -906*k**3 - k - 2. Let m be v(-1). Let r be m/20 - (-1)/(-4). Suppose -i + 0*i + 4*p = 9, 5*i - r = 2*p. What is the tens digit of i?
1
Suppose -5402 = 3*f + 1006. What is the tens digit of (f/(-16))/((-4)/(-32)*4)?
6
Suppose 436*n - 861*n = -439*n + 345674. What is the thousands digit of n?
4
Suppose 24626 = 6*m + 8*m. Suppose -h + 4*y + 451 = 0, -2*h + y + m = 2*h. What is the hundreds digit of h?
4
Let b(g) = -g**3 - 2*g**2 + 6*g + 7. Let q be b(-3). Let m be (725 - 1) + q*(-1)/2. Suppose 0 = 6*o - o - m. What is the hundreds digit of o?
1
Let h(u) = 5*u - 43. Let g be h(12). Let y(n) = -n**3 + 18*n**2 - 7*n - 2. What is the units digit of y(g)?
8
Suppose -15*d - 127*d + 1508892 = 0. What is the hundreds digit of d?
6
Let v be (84/16 + -3)*(-198 - 2). What is the hundreds digit of (3 + v)/(3 + (-3 - 1))?
4
Suppose -7*x + 12*x - 53687 = 11758. What is the ten thousands digit of x?
1
What is the units digit of 2709245/651 + 8/6?
3
Let d(b) = -b**2 - 14*b + 22. Let v be d(-12). Let m = 22 - 22. Suppose m = -3*h - v + 670. What is the tens digit of h?
0
Let v = -567 + 808. Let o = v + 906. What is the tens digit of o?
4
Let w(j) = -13*j**2 + 4*j + 373. Let s(t) = 3*t**2 - t - 93. Suppose 7*f = 2*f - 10. Let h(x) = f*w(x) - 9*s(x). What is the tens digit of h(0)?
9
Let m(v) = -36*v + 1. Let u be m(-5). Let y = 5380 - 5234. Suppose h - u = d - 6*d, 2*d = h - y. What is the tens digit of h?
5
Let v(f) = 854*f + 12825. What is the units digit of v(17)?
3
Suppose -4*d - 5565 = -3*u + 22816, -d - 18914 = -2*u. What is the units digit of u?
5
Suppose -7*x + 10253 = -7996. What is the thousands digit of x?
2
Let m(f) = 8*f**2 - 8*f - 21. Let g be m(-7). Let z = -256 + g. Let j = z + -97. What is the units digit of j?
4
Let z = -209 + 226. Suppose -z*r + 649 = -13*r - 3*q, -5*q + 785 = 5*r. What is the hundreds digit of r?
1
Suppose -r + 5398 = -3*i, -36*r + 33*r + 16168 = 4*i. What is the thousands digit of r?
5
What is the tens digit of ((34/2)/(4/(-548)))/(64/(-512))?
3
Suppose g - 3 = -9. Let n(o) = -102*o + 243. What is the units digit of n(g)?
5
Suppose -s + 2902 = 2*d, -s + 1686 = -d - 1204. What is the units digit of s?
4
Suppose h + 25 = 3*n, -3*h + n - 50 = -3*n. Let z be (-5)/h*0*2/(-4). Suppose 6*u - 10*u + 412 = z. What is the tens digit of u?
0
Let n = -22658 + 32215. What is the tens digit of n?
5
Let k(p) = 61*p**2 + 115*p + 41. What is the units digit of k(-13)?
5
Let t = -30413 + 52389. What is the tens digit of t?
7
Suppose 0 = -3*m + 5*n + 36188, -3*n - 11953 = -m + 119. What is the hundreds digit of m?
0
Suppose -3*x = 15, -3*x - 1006 = -3*k - x. Let f = k - 320. What is the units digit of f?
2
Let n(v) = -422*v + 342*v - 243*v + 3. What is the hundreds digit of n(-1)?
3
Suppose 33 = -3*u - 5*p, 4*p - 7*p - 7 = u. What is the units digit of 28/u - (-33471)/36?
8
Let s be 63/5 + (-4)/(120/18). What is the thousands digit of ((-150)/s)/((-1)/82)?
1
Let o be (16/(-4))/(-12)*9. Suppose o*l + 46 = -2*v, 4*l + v + 59 = -4*v. What is the tens digit of (-1384)/l - 1/2?
8
Let n = -302 + 280. What is the hundreds digit of (82/16*n)/(17/(-136))?
9
Suppose -2363 = -15*r - 773. Let v = -111 + r. Let o(p) = -16*p + 14. What is the tens digit of o(v)?
9
Let v(l) = 5*l + 14. Let a be v(-3). What is the hundreds digit of (-1)/(a/(-1185)*-3)?
3
Let f(v) = v**3 + 2*v - 3. Let d be f(1). What is the tens digit of -3 + (-3 - d) - -247?
4
Let b be -55 + (13 - 6/1). What is the tens digit of 11/(4/(-186)*b/32)?
4
Suppose -28557 = -3*c - 3*h + 102858, 0 = -2*c - 5*h + 87595. What is the thousands digit of c?
3
Let o(j) be the third derivative of j**5/20 + 3*j**3 + j**2. Suppose -108*i + 82*i - 156 = 0. What is the tens digit of o(i)?
2
Let r = -49 - 86. Let v = r - -276. What is the units digit of v?
1
Let t be (-1)/(1/35*-1). Suppose -2*h - 4*z - z = -14, 0 = 5*h + 2*z - t. Suppose 5*x = -h*x + 12. What is the units digit of x?
1
Let w be (-13314)/(-63) + (-1 - 10/(-6)). Let t(m) = -3*m**3 + m**2 - 6*m - 2. Let q be t(3). Let r = q + w. What is the tens digit of r?
2
Let z be 15*(-18)/(12/(-4)). Suppose -10*r - 20 = -z. Let d(j) = -j**3 + 11*j**2 - 6*j - 10. What is the units digit of d(r)?
4
Let f = 27844 - 5412. What is the thousands digit of f?
2
Suppose -249180 = -222*p - 201*p + 592590. What is the thousands digit of p?
1
Let i = -267 + 16363. What is the units digit of i?
6
Let n = -705 + 6886. Suppose 24*h = 22*h - 2, n = 3*y + 2*h. What is the units digit of y?
1
Let n(o) = -2*o**3 + 7*o**2 + 5*o + 1. Suppose 7*l - 20*l = 741. Let f = l - -60. What is the units digit of n(f)?
5
Suppose 49*g - 54*g - 3*f = -55722, -2*f - 100270 = -9*g. What is the hundreds digit of g?
1
Suppose -9*o = 5*p - 8*o - 25, 0 = -o. Suppose 0 = 3*q - 5*f + 2*f - 99, 3*q = p*f + 91. What is the units digit of q?
7
Let n(f) = 1 - 12 + 16*f + 0 + 3*f. Let y(g) = -20*g + 10. Let m(t) = -4*n(t) - 3*y(t). What is the tens digit of m(-5)?
9
Let u(x) = 17*x. Let c be u(-4). Let m = 74 + c. Suppose m*y - 7 = -y. What is the units digit of y?
1
Let a(j) = 15*j**2 + 198*j + 127. What is the ten thousands digit of a(37)?
2
What is the thousands digit of 192/(-21) - -9 - (-974196)/42?
3
Let y(w) = -7*w + 80. Let g be y(-27). Suppose -g = 5*s - 6*s. What is the tens digit of s?
6
Suppose -11*i = 10*i - 246995 + 46907. What is the hundreds digit of i?
5
Let a(c) = c - 14. Let n be a(10). Let j be n + 3*(-32)/12. What is the tens digit of 200/j*54/(-15)?
6
Suppose -4*y + 3544 - 38378 = -3*n, 5*y = -5*n + 58010. What is the thousands digit of n?
1
Let x = 110 - -1148. Suppose -x = -3*l + 5*g, 4*l + 4*g + 51 = 1739. What is the units digit of l?
1
Suppose b = 7*h - 10*h - 6, 3*b = -h + 6. What is the units digit of 9288/12 - (b - -3)?
8
Let w(m) = 188*m**2 - 12*m - 4. Let c be w(-4). What is the hundreds digit of 5/(100/c) + (-2)/(-5)?
1
Suppose 0*p - 47691 = -10*p + p. What is the tens digit of p?
9
Let s(f) = 13*f**2 - f - 4. Let w be s(3). Suppose -11*p = -6*p - w. What is the units digit of p?
2
Suppose 3*f 